) = -5330*l + 202599. Determine o(38).
59
Let g(v) = v**3 - 16*v**2 + 186*v - 1239. Determine g(11).
202
Let m(i) = -i**2 + 176*i + 6002. What is m(-41)?
-2895
Let b(x) = -13*x**2 + 551*x - 6676. Determine b(13).
-1710
Let k(c) = -625*c + 32888. What is k(55)?
-1487
Let i(r) = 961802*r + 8656229. Determine i(-9).
11
Let s(h) = 2*h**3 - 2629*h**2 + 1019*h + 387624. What is s(1314)?
-6
Let a(t) = -348*t - 59922. What is a(-171)?
-414
Let v(g) = g**2 - 18*g - 211. Calculate v(26).
-3
Let o(k) = 17784*k + 17715. Determine o(-1).
-69
Let x(n) = 11*n - 468. Determine x(-23).
-721
Let i(u) = -2*u**3 + 39*u**2 - 258*u + 70. What is i(9)?
-551
Let n(l) = 2*l**2 + 577*l + 31035. Calculate n(-217).
4
Let k(w) = -2078*w + 35249. Calculate k(17).
-77
Let u(i) = -7*i**2 + 13*i + 563. Give u(10).
-7
Let d(w) = -150*w**2 - 219*w + 431. Calculate d(2).
-607
Let o(k) = -k**3 + 16*k**2 + 66*k + 2155. Determine o(23).
-30
Let f(r) = -43*r**2 + 159*r + 52. Give f(4).
0
Let n(f) = f**2 - 193*f - 22863. What is n(-87)?
1497
Let r(q) = 19*q**2 + 264*q - 1705. What is r(6)?
563
Let q(w) = -w**2 - 3495*w + 508898. Calculate q(140).
-2
Let a(n) = 12348*n - 61792. What is a(5)?
-52
Let c(w) = 45*w**2 - 412*w - 537. What is c(10)?
-157
Let q(r) = -r**3 + 37*r**2 + 81*r - 4562. Calculate q(36).
-350
Let z(q) = -q**3 + 22*q**2 + 73*q - 1065. Determine z(6).
-51
Let h(o) = 159*o**2 + 1452*o + 164. Determine h(-9).
-25
Let z(j) = -j**3 + 47*j**2 - 3723*j - 28706. Give z(-7).
1
Let f(m) = -16*m**2 - 2381*m - 37328. Calculate f(-131).
7
Let a(j) = -j**2 - 68201*j + 886788. Give a(13).
6
Let q(i) = 1525*i - 7477. Determine q(3).
-2902
Let c(y) = -y**3 + 14*y**2 + 242*y + 8. Determine c(-10).
-12
Let m(a) = -a**3 + 20*a**2 + 3*a + 3066. Calculate m(25).
16
Let b(s) = 37211*s - 3237270. What is b(87)?
87
Let a(u) = 3*u**3 - 39*u**2 + 12*u - 61. What is a(5)?
-601
Let o(m) = -5*m**2 - 6169*m - 18493. Give o(-3).
-31
Let m(p) = 2546*p + 4999. Give m(-2).
-93
Let n(p) = p**3 + 2240*p**2 + 4462*p - 32. Calculate n(-2).
-4
Let b(p) = -10*p**3 - 5*p**2 - 8778*p + 8783. What is b(1)?
-10
Let l(c) = 6*c + 441. Calculate l(-92).
-111
Let f(t) = 81511*t - 2037784. Give f(25).
-9
Let f(h) = 4*h**3 + 1063*h**2 + 2015*h + 44077. What is f(-264)?
-11
Let o(m) = -63499*m + 952488. Calculate o(15).
3
Let f(c) = 159125*c + 477428. Calculate f(-3).
53
Let y(m) = -3*m**2 - 5299*m - 26461. Give y(-5).
-41
Let u(r) = r**2 + 2018*r + 730165. Give u(-472).
453
Let i(q) = 9*q**2 + 632*q - 3881. Calculate i(6).
235
Let y(c) = 17*c**3 + 3640*c**2 + 219*c - 44709. Determine y(-214).
17
Let u(q) = -15*q**3 + 211*q**2 + 555*q - 7946. Determine u(14).
20
Let u(d) = -3*d**3 - 58*d**2 - 49*d - 3250. Give u(-21).
-16
Let d(q) = -11730*q + 2686152. Determine d(229).
-18
Let v(d) = -2*d**3 + 24*d**2 + 13*d - 82. Determine v(11).
303
Let s(w) = 1571*w**3 - 3*w**2 - 28*w - 27. Calculate s(-1).
-1573
Let o(k) = 4*k**2 + 355*k + 2915. Give o(-8).
331
Let m(j) = -21481*j - 1546476. Give m(-72).
156
Let m(d) = -3*d**2 + 429*d + 275772. Calculate m(383).
12
Let k(z) = -2*z**3 + 259*z**2 - 349*z - 4569. Determine k(128).
-89
Let t(b) = -3*b**2 + 178*b - 1407. Determine t(50).
-7
Let z(i) = -1451*i - 6322. What is z(-5)?
933
Let r(x) = 2996*x + 515301. Give r(-172).
-11
Let j(n) = n**2 - 330*n - 248410. What is j(-360)?
-10
Let w(x) = -2*x**2 + 2090*x + 735597. Determine w(-278).
9
Let y(m) = 38*m**2 + 2890*m - 2766. Calculate y(-77).
6
Let v(s) = 1198*s + 313877. Give v(-262).
1
Let f(m) = -2*m**2 + 21*m - 249. Give f(6).
-195
Let b(a) = -5*a**2 + 2270*a + 131543. Determine b(506).
-17
Let t(w) = 95*w + 2756. Determine t(-27).
191
Let u(f) = -f**3 + 184*f**2 + 2987*f - 216. Determine u(199).
182
Let u(q) = 131*q - 5392. Give u(43).
241
Let q(p) = 4145*p - 8384. Determine q(2).
-94
Let o(u) = 1036*u + 37718. Determine o(-36).
422
Let x(p) = -9*p**3 - 260*p**2 - 896*p - 5. What is x(-4)?
-5
Let f(o) = -545*o - 2909. Determine f(-9).
1996
Let c(v) = -27*v - 6465. Give c(-229).
-282
Let q(p) = -13945*p**2 - 1603678*p - 352. Calculate q(-115).
-7
Let u(r) = 3*r**2 - 706*r - 23037. What is u(-29)?
-40
Let j(g) = -89285*g + 3124969. Determine j(35).
-6
Let d(h) = 17535*h + 34493. Calculate d(-2).
-577
Let v(f) = 512*f - 2972. Give v(12).
3172
Let o(u) = -61*u - 5969. What is o(-100)?
131
Let q(r) = -217*r**2 + 25*r + 34. Calculate q(-2).
-884
Let p(d) = -34*d**2 + 11828*d + 223934. Calculate p(-18).
14
Let x(i) = -17*i**2 + 32015*i - 191466. Calculate x(6).
12
Let i(l) = 2*l**2 + 1175*l - 407. Give i(0).
-407
Let r(m) = -10*m**2 + 6603*m - 96789. Give r(15).
6
Let p(r) = 369*r - 2719. Determine p(9).
602
Let g(p) = 2*p**2 + 2094*p - 96011. Calculate g(44).
-3
Let o(q) = 7*q**3 + 108*q**2 + 45*q - 52. What is o(-16)?
-1796
Let g(h) = -927*h**2 + 43554*h + 696. Give g(47).
-9
Let n(s) = s**3 - 89*s**2 + 186*s - 950. What is n(87)?
94
Let j(h) = -8363*h - 41123. What is j(-5)?
692
Let l(y) = 10170*y - 1027177. What is l(101)?
-7
Let g(m) = 63128*m - 63182. Determine g(1).
-54
Let n(t) = t**3 - 37*t**2 + 223*t - 8250. Calculate n(37).
1
Let q(g) = -g**3 + 57*g**2 + 86*g - 5267. Determine q(57).
-365
Let t(b) = 184477*b - 1106856. Calculate t(6).
6
Let k(q) = 5643*q - 61990. Determine k(11).
83
Let w(q) = 5*q**3 + 89*q**2 + 8*q - 77. Give w(-18).
-545
Let q(p) = 174*p**3 - 2*p**2 - 248*p + 251. Calculate q(1).
175
Let t(l) = -368*l + 4662. Give t(8).
1718
Let m(l) = 479*l**2 + 24454*l + 1217. Calculate m(-51).
-58
Let d(v) = -51*v**2 - 69*v + 107. Determine d(-8).
-2605
Let s(m) = m**2 + 176*m + 1310. Give s(-9).
-193
Let j(p) = -11936*p - 3413675. What is j(-286)?
21
Let g(c) = -23*c**2 + c + 26. What is g(-7)?
-1108
Let j(h) = 2689*h - 7464. Calculate j(3).
603
Let q(y) = 8*y**3 - y**2 + 9*y - 291. Calculate q(0).
-291
Let d(v) = -1726*v - 3331. Calculate d(-2).
121
Let u(b) = 221*b + 32059. Give u(-145).
14
Let v(t) = 1872*t - 415516. Give v(222).
68
Let y(c) = -4*c**3 + 803*c**2 - 592*c - 1553. Give y(200).
47
Let k(a) = -6959*a + 1071707. What is k(154)?
21
Let l(z) = z**3 - 48*z**2 + 340*z + 1501. Give l(38).
-19
Let o(j) = -j**3 - 51*j**2 - 422*j + 109. Calculate o(-10).
229
Let n(r) = 3*r**3 + 274*r**2 + 76*r - 1944. Calculate n(-91).
-579
Let g(d) = d**3 + 4*d**2 + 8128*d - 7. Calculate g(0).
-7
Let l(k) = k**2 - 5879*k + 35250. Determine l(6).
12
Let i(u) = -21949*u + 307312. Calculate i(14).
26
Let t(h) = 6*h**2 + 15*h - 254. Calculate t(6).
52
Let t(c) = 2*c**2 + 66*c - 2803. Give t(-72).
2813
Let y(x) = 122697*x + 17422972. Determine y(-142).
-2
Let h(g) = -152489*g - 609952. Calculate h(-4).
4
Let f(u) = 2*u**3 + 29*u**2 - 46*u - 526. Determine f(-13).
579
Let t(h) = -197*h**2 + 29*h + 750. Calculate t(-4).
-2518
Let q(w) = w**3 + 210*w**2 + 11054*w + 3020. Give q(-104).
-100
Let a(r) = -29*r - 972. Determine a(-7).
-769
Let z(w) = -5*w**3 + 21*w**2 - 3086*w + 15463. Determine z(5).
-67
Let o(j) = 993*j + 8740. Determine o(-9).
-197
Let c(s) = -s**3 + 19*s**2 + 37076*s - 704435. Calculate c(19).
9
Let a(b) = 8750*b + 131063. What is a(-15)?
-187
Let r(d) = 240704*d + 1203509. Give r(-5).
-11
Let p(u) = 610*u**2 - 215*u - 214. Give p(-1).
611
Let u(b) = -2195*b + 10732. Give u(5).
-243
Let o(s) = -36570*s + 10422480. Give o(285).
30
Let r(b) = b**3 - 121*b**2 - 82*b + 9958. Give r(121).
36
Let d(n) = 34*n - 6658. What is d(195)?
-28
Let g(j) = 11*j**2 - 1663*j - 8272. What is g(156)?
-4
Let r(b) = -b**3 - 141*b**2 + 4029*b + 535251. Give r(-143).
2
Let y(u) = 815*u - 6665. What is y(7)?
-960
Let g(j) = -j**3 - 103*j**2 - 719*j + 3880. What is g(-95)?
-15
Let v(z) = z**3 - 23*z**2 + 22*z + 355. What is v(20)?
-405
Let u(k) = -142*k**2 + 1170*k + 873. Determine u(9).
-99
Let n(c) = 12*c**2 + 81*c + 181. Give n(-5).
76
Let p(n) = -16*n**2 - 3024*n - 15104. Give p(-5).
-384
Let a(h) = 475*h**2 - 24*h - 499. Determine a(0).
-499
Let y(k) = 4*k**2 + 4322*k + 817618. Calculate y(-836).
10
Let k(u) = 983*u - 1326. Give k(2).
640
Let a(t) = 209533*t - 628567. What is a(3)?
32
Let k(m) = -m**3 - 67*m**2 + 747*m + 281. What is k(10)?
51
Let a(l) = -3*l**3 + 20*l**2 + 10*l - 123. What is a(5)?
52
Let x(r) = -r**3 - 7*r**2 - 66*r - 77. Give x(-9).
679
Let x(d) = 5*d**2 + 28569*d - 57148. Give x(2).
10
Let w(c) = c**2 + 121*c - 12